 value of (14 - 2) + (-12 - -1) + -15 + 4?
-10
What is -2 + (31 - 15) - 33?
-19
Calculate -9 + 0 - (37 + 60 + -82).
-24
What is the value of -1 - (-12 - -16 - -12)?
-17
What is the value of 12 - -1 - (-60 - (-48 + -37))?
-12
What is the value of (4 - (7 - 2)) + (2 - 3) + -2?
-4
2 - (3 - 2 - 17) - -2
20
-45 - -57 - (-1 + -3)
16
Evaluate 0 + -22 - 0 - (23 + 32 + -59).
-18
Calculate 79 + -62 + 25 - 36.
6
Calculate 7 + -11 + 1 - (-1 + 1) - -8.
5
What is the value of (2 - -25) + (-10 - (2 + -4 - 1))?
20
What is the value of 2 + (3 - 1) - (-24 + 28) - -16?
16
What is (-13 - -1 - (17 - 8)) + 8?
-13
What is -5 + (22 - (3 - -9))?
5
Calculate 13 + -6 + -14 + 4 + 7.
4
Evaluate -5 + (7 - (4 + -4 + 0)).
2
Calculate -23 + -11 + 8 + -3.
-29
What is the value of (11 - -7) + 3 + 4 - 5?
20
What is 9 + -3 - (4 + -6 + 8)?
0
What is the value of 13 - (6 + (-10 - -6) + -2)?
13
Calculate (52 + -11 - 20) + -46.
-25
What is the value of 0 + -5 + -6 + 0 - (-8 - -2)?
-5
Calculate -15 - (7 + -18) - 4.
-8
Calculate 78 + -86 + (-3 - 13).
-24
What is the value of (9 - (-6 + 4) - 9) + 10?
12
What is 2 + 0 - ((6 - -3) + -7 + -17)?
17
What is the value of -6 + (2 - (-10 + 5 - (0 + 0)))?
1
Evaluate (-8 - (-11 - 16)) + -6 + 9.
22
Calculate (-70 - -62) + (0 - 7) + 6.
-9
What is the value of -6 - (-1 + 9 + 2 + -12)?
-4
Calculate -3 + -1 + 7 + (4 - (-23 - -25)).
5
Evaluate -4 - ((1 - 8) + -1) - 5.
-1
Evaluate 17 - 4 - (-40 + 71).
-18
Calculate (191 - 187) + 4 + -27.
-19
What is the value of 82 + -86 + 11 + -3?
4
What is the value of -11 + 1 + (0 - -3)?
-7
Evaluate 16 + 24 + -15 - 16.
9
What is (0 - 20) + (59 - 55)?
-16
What is -19 + 9 + 6 - -12?
8
Calculate 15 + -19 + (2 + -1 - 1) + 9.
5
What is the value of 21 + -12 - (2 + 4)?
3
What is -20 - (-1 - (5 - 2 - 8 - -11))?
-13
What is -5 + 5 + (15 - 0 - (40 + -37))?
12
Calculate (55 - 63) + 0 + 10 + -6.
-4
What is (22 - 26 - (3 - 13)) + 13?
19
Evaluate (-8 + 3 + 8 - 9 - -5) + 7.
6
What is the value of 4 + 3 + 0 + (-13 - 8 - -14)?
0
What is 3 + 5 + -23 + -1 + 5?
-11
What is the value of 6 - (0 + (5 - 2) - (0 + 5))?
8
What is the value of 10 + -10 + -2 + -5 - -22?
15
What is -1 - 0 - (-1 - (9 - -10 - 10))?
9
What is (-226 - -233) + (-25 - 0)?
-18
Calculate 0 + 0 - (-14 - 5 - -12).
7
Calculate -17 - (-1 - -1) - ((10 - 6) + -7).
-14
What is the value of 35 + (8 - 76) + 27?
-6
Evaluate 71 - 64 - (-3 - (-11 + 3)).
2
Evaluate (19 - 7 - 33) + 31.
10
What is -17 + (-11 - -18) - -7?
-3
-11 + (-32 + 42 - -30)
29
Calculate 1 - (-7 - (15 + -6)).
17
What is the value of 2 + -3 + 1 + 11 + 55 + -62?
4
Evaluate 5 + (-18 - (11 + -11)) + -4.
-17
Calculate (10 - -6) + (2 - -5 - 6 - 3).
14
What is the value of (-2 - 5) + (-5 - -22) - (-5 + 51)?
-36
What is the value of -19 + (6 - ((-9 - -11) + -2))?
-13
What is the value of -5 - (6 + (-19 + 11 - -4))?
-7
Evaluate -1 + -8 + 7 - 6.
-8
What is the value of 19 + 45 + -68 + 2 + (3 - 10)?
-9
Evaluate 390 + -390 - (3 - 18).
15
-13 + -2 + (-4 - -10) + 15
6
Evaluate 14 + (18 - 11) + -13.
8
What is 1 - 8 - ((5 - 14) + (-8 - 5))?
15
Evaluate -1 + ((0 - 1) + 0 - (-46 + 51)).
-7
Calculate -7 - (2 - 2) - (17 + 3 - 9).
-18
What is -1 + -4 + (-7 - 7 - -10 - 4)?
-13
36 + (-38 - -7 - -1)
6
What is the value of 5 + (9 - 14 - -4)?
4
What is -1 + -1 + 3 - (184 + -193)?
10
What is the value of (-21 - (-9 - (0 - 0))) + 4?
-8
Calculate (-17 - (-54 - -29)) + -25.
-17
Calculate (-1 - -3) + 0 - (0 + 4).
-2
300 + -256 + (-2 - 29)
13
Evaluate 7 - 11 - 16 - -46.
26
Evaluate (-23 - -31) + (-2 - -16 - 2).
20
What is 1 - -4 - (525 + -512)?
-8
-12 - (-1 - 11) - 5
-5
Calculate 10 - (-35 - -18 - -20).
7
What is (5 + -9 - -12) + -7?
1
What is 5 + (-7 + 2 + 4 + -2 - -6)?
8
Evaluate 30 - ((-1 - 6) + (-16 - -25)) - 8.
20
Evaluate 6 + (10 + -4 - (-3 + (17 - 7))).
5
Evaluate -87 + 75 - (2 + -5).
-9
Evaluate -2 + 7 + -5 - (-10 + 14).
-4
5 + -2 + -4 - -1 - -10 - 6
4
Calculate 14 + (-4 - (-15 + 16)).
9
7 + -1 + -5 + 3
4
What is -15 - (12 + -14) - -13?
0
17 + (22 - 20) + -26 - 9
-16
(15 - (-2 - -1)) + (1 + 6 - 4)
19
What is 8 - (-9 + -3 + (0 - -3) + -8)?
25
(15 - (2 + -4) - -1) + 88 + -93
13
Calculate (13 - (-30 - -37)) + (1 - (4 + 3)).
0
-1 - -4 - (46 + -30 + 4 + 8)
-25
What is -124 + 127 - (-17 - (-1 + 2))?
21
Evaluate 0 + 8 + -5 + 22 - (2 + -8).
31
Calculate (-28 - -23) + (8 - (0 - -5)).
-2
What is (0 + -5 - -3) + (31 - 36) - 10?
-17
What is (-37 - 2) + 4 + -18 + 26?
-27
(-4 - (-3 - 6)) + 5 + -6
4
What is the value of -78 - -92 - (-3 - -15)?
2
What is (-9 + 16 - -11) + -11?
7
Evaluate -2 - (14 + 5) - (-2 - (-5 + 2)).
-22
Calculate -5 + -3 - 6 - (2 + -3 + -8).
-5
What is the value of (-33 + 10 - -30) + (-1 - -8) + -2?
12
Evaluate 1 + (-22 - -16 - -16) + -11.
0
What is 9 - (-4 + -4 - -7) - 8?
2
What is the value of -2 + (-23 - (19 + -39))?
-5
8 + -18 - 8 - -7
-11
What is the value of 22 + 10 + (18 - (12 + 15))?
23
What is the value of -17 - (4 + 1) - -38?
16
-42 + 22 - (2 - 21)
-1
Evaluate (-709 - -698) + (16 - 1).
4
What is -11 + (-31 - -19) + 25?
2
What is the value of 0 + 0 + -11 + (-2 - 2) + 7?
-8
Calculate ((5 - 8) + -8 - -13) + (-8 - 19).
-25
What is 0 + 4 + (-3 - -2)?
3
What is 2 + 3 + (23 + -22 - (5 + 1))?
0
Calculate 0 - -8 - (-7 - 0 - -17).
-2
Calculate -11 + (-23 + 25 - -5).
-4
What is the value of -34 - ((11 - (13 - 21)) + -38)?
-15
28 + (32 - 15 - 41)
4
Calculate -13 + (20 - (-7 + 12)).
2
-7 + 37 + -12 + -7
11
What is the value of 11 - (0 - -20 - (13 - 11)) - 2?
-9
What is the value of -20 + (-29 + 15 - -34)?
0
Evaluate 3076 - 3075 - (3 + -1 + 0).
-1
Calculate -14 - (-12 + (-10 - 0)).
8
What is the value of -4 - ((105 - 112) + 16 + (2 - 3))?
-12
Evaluate 11 + (7 - 29) - (0 - 10).
-1
(-3 - 4) + 11 - (-4 - -11) - 2
-5
What is the value of 9 + 5 + (87 - 87 - (-17 - -2))?
29
8 + (-8 - 2) - -12 - 10
0
Calculate -9 - ((17 - 13) + (-1 - -1 - 4)).
-9
22 - (40 + -14 - 13)
9
-22 + 26 + (35 - 37)
2
Calculate 21 + -15 + 7 + 0.
13
What is the value of 12 + (-14 - 16) + 18?
0
Evaluate -28 + (29 - 4) - ((1 - 2) + -13).
11
Calculate -267 + 275 + (-36 - -3).
-25
Calculate (-4 - (10 + -3)) + (-7 - -10).
-8
-2 + (13 - 12) - (10 + -3 + -3)
-5
What is 2 + 7 + (78 - 74)?
13
What is the value of (3 + (-11 - -5) - -6) + (-6 - 1)?
-4
What is the value of -10 + -2 + 9 + -5?
-8
Evaluate 3 + (2 + 10 - (40 + -13)).
-12
Evaluate 53 + -62 + 24 + -6.
9
Evaluate 4 - -2 - (-10 + 15).
1
What is the value of 7 + (-16 - -16 - -9)?
16
-12 + 6 + (18 - 5)
7
What is -22 + 12 - -6 - 10?
-14
1 + -5 - (-13 - -17)
-8
Evaluate (0 - (-9 - -11) - -14) + -20.
-8
16 - (-56 + -3 + 40)
35
Evaluate 3 + -3 + -9 + 3 - (12 - 18).
0
What is the value of -2 + -13 + -5 + 18 - 31?
-33
Evaluate -729 - -739 - (8 + 0 + 1).
1
What is (2 - (7 + -12 + 7)) + 1 + 0?
1
(-38 - -2) + (-611 - -611)
-36
Calculate (9 + -16 - 11) + 23.
5
Calculate 23 - (14 + (0 - 8)).
17
What is the value of 7 + -2 + 3 + -10 + -9?
-11
What is the value of -6 - ((-10 - -4) + 5)?
-5
-19 - -10 - (-20 - -9 - 19)
21
What is (-5 - -5) + (-1 + -3 - 6) + 1?
-9
Calculate 16 - ((-10 - 1) + (10 - 12)).
29
What is the value of 19 + -28 - (-6 - -8)?
-11
What is 7 + 2 + (-9 - -3) + -1?
2
-2 + (-7 - -18) - 2 - -7
14
Calculate -1 + 8 + (45 - 46).
6
What is 309 - 310 - (5 + 0)?
-6
What is -2 - (0 + 6 + -3 + 4 - 25)?
16
Calculate (3 - 7) + 0 + 4 + -2 + 7.
5
Evaluate 1 + 1 + 9 + (-18 - 8).
-15
Calculate 2 - (-1 - 6 - (15 + -15 + -4)).
5
What is 5 + 2 + (16 - 2) + -30?
-9
What is 1068 + -1042 + -1 + 0?
25
What is the value of -17 + (14 - 7) - ((-34 - 5) + -2)?
31
13 + -50 - (5 + -68)
26
Calculate -11 - (4 - (-3 + 10)) - -16.
8
What is the value of (18 - 1) + 48 + -57 + -16?
-8
What is 0 - (5 + (5 + 0 - 3))?
-7
Calculate 12 + 13 + -3 + 12 + -13.
21
Calculate -9 + 0 - (4 + -23).
10
Calculate (1 - 0) + (1 - 2) - (-180 + 162).
18
What is the value of (-9 - -19) + -6 - (-5 + 2 - 0)?
7
Evaluate 11 + (-1 - -3) + -67 + 22.
-32
Calculate 16 + -14 + 6 + 1.
9
Calculate (33 - (20 - 13)) + -13.
13
7 - (11 + 20) - -9
-15
Evaluate -4 - (1 + -9 + -4).
8
What is the value of 2 + -5 - ((-4 + 12 - 21) + 8)?
2
Calculate 3 - (-3 + (7 - -6 - 5)).
-2
What is the value of 7 + 0 + (-188 - -165)?
-16
What is the value of 6 + ((6 - 17) + 4 - -5) + -7?
-3
What is the value of (-4 - (2 + -6) - -1) + -8 - 4?
-11
What is the value of 55 - 39 - (9 - 2)?
9
-9 + 1 + 24 + -10 